{"id":1478,"date":"2019-08-20T07:48:42","date_gmt":"2019-08-20T07:48:42","guid":{"rendered":"https:\/\/biagiotti.qodeinteractive.com\/?page_id=1478"},"modified":"2019-08-20T07:48:42","modified_gmt":"2019-08-20T07:48:42","slug":"standard","status":"publish","type":"page","link":"https:\/\/louisbeautylab.com.tr\/?page_id=1478","title":{"rendered":"Standard"},"content":{"rendered":"<div class=\"wpb-content-wrapper\"><p>[vc_row row_content_width=&#8221;grid&#8221;][vc_column]<div class=\"mkdf-portfolio-list-holder mkdf-grid-list mkdf-pl-gallery mkdf-three-columns mkdf-normal-space  mkdf-pl-standard-shader    mkdf-pl-pag-load-more mkdf-pl-has-filter     \"  data-type=gallery data-number-of-columns=three data-space-between-items=normal data-number-of-items=6 data-image-proportions=full data-enable-fixed-proportions=no data-enable-image-shadow=no data-category=beauty data-orderby=date data-order=DESC data-item-style=standard-shader data-enable-title=yes data-title-tag=h4 data-enable-category=yes data-enable-count-images=yes data-enable-excerpt=no data-excerpt-length=20 data-pagination-type=load-more data-filter=yes data-filter-order-by=name data-enable-article-animation=no data-portfolio-slider-on=no data-enable-loop=yes data-enable-autoplay=yes data-slider-speed=5000 data-slider-speed-animation=600 data-enable-navigation=yes data-enable-pagination=yes data-max-num-pages=2 data-next-page=2>\n\t\t<div class=\"mkdf-pl-filter-holder\" >\n\t\t<div class=\"mkdf-plf-inner\">\n\t\t\t\t\t\t\t<ul >\n\t\t\t\t\t<li class=\"mkdf-pl-filter\" data-filter=\"\">\n\t\t\t\t\t\t<span>Show all<\/span>\n\t\t\t\t\t<\/li>\n\t\t\t\t\t\t\t\t\t\t\t<li class=\"mkdf-pl-filter\" data-filter=\".portfolio-category-bodycare\">\n\t\t\t\t\t\t\t<span>Bodycare<\/span>\n\t\t\t\t\t\t<\/li>\n\t\t\t\t\t\t\t\t\t\t\t<li class=\"mkdf-pl-filter\" data-filter=\".portfolio-category-cosmetics\">\n\t\t\t\t\t\t\t<span>Cosmetics<\/span>\n\t\t\t\t\t\t<\/li>\n\t\t\t\t\t\t\t\t\t\t\t<li class=\"mkdf-pl-filter\" data-filter=\".portfolio-category-make-up\">\n\t\t\t\t\t\t\t<span>Make Up<\/span>\n\t\t\t\t\t\t<\/li>\n\t\t\t\t\t\t\t\t\t<\/ul>\n\t\t\t\t\t<\/div>\n\t<\/div>\n\t<div class=\"mkdf-pl-inner mkdf-outer-space  clearfix\">\n\t\t<article class=\"mkdf-pl-item mkdf-item-space  post-3858 portfolio-item type-portfolio-item status-publish has-post-thumbnail hentry portfolio-category-beauty portfolio-category-bodycare\">\n\t<div class=\"mkdf-pl-item-inner\">\n\t\t<div class=\"mkdf-pli-image\">\n\t<img fetchpriority=\"high\" decoding=\"async\" width=\"980\" height=\"654\" src=\"https:\/\/louisbeautylab.com.tr\/wp-content\/uploads\/2024\/09\/dr-suleyman-tas-popo-estetigi.jpg\" class=\"attachment-full size-full wp-post-image\" alt=\"\" srcset=\"https:\/\/louisbeautylab.com.tr\/wp-content\/uploads\/2024\/09\/dr-suleyman-tas-popo-estetigi.jpg 980w, https:\/\/louisbeautylab.com.tr\/wp-content\/uploads\/2024\/09\/dr-suleyman-tas-popo-estetigi-300x200.jpg 300w, https:\/\/louisbeautylab.com.tr\/wp-content\/uploads\/2024\/09\/dr-suleyman-tas-popo-estetigi-768x513.jpg 768w, https:\/\/louisbeautylab.com.tr\/wp-content\/uploads\/2024\/09\/dr-suleyman-tas-popo-estetigi-600x400.jpg 600w\" sizes=\"(max-width: 980px) 100vw, 980px\" \/><\/div>\n<div class=\"mkdf-pli-text-holder\" >\n\t<div class=\"mkdf-pli-text-wrapper\">\n\t\t<div class=\"mkdf-pli-text\">\n\t\t\t\t<h4 itemprop=\"name\" class=\"mkdf-pli-title entry-title\" >\n\t\tPopo ve G\u00f6\u011f\u00fcs Dikle\u015ftirme\t<\/h4>\n\n\t\t\t\t\t<div class=\"mkdf-pli-category-holder\">\n\t\t\t\t\t\t\t<a itemprop=\"url\" class=\"mkdf-pli-category\" href=\"https:\/\/louisbeautylab.com.tr\/?portfolio-category=beauty\">Beauty<\/a>\n\t\t\t\t\t\t\t<a itemprop=\"url\" class=\"mkdf-pli-category\" href=\"https:\/\/louisbeautylab.com.tr\/?portfolio-category=bodycare\">Bodycare<\/a>\n\t\t\t\t\t<\/div>\n\t\n\t\t\t\n\t\t\t\t\t<\/div>\n\t<\/div>\n<\/div>\n\t\t<a itemprop=\"url\" class=\"mkdf-pli-link mkdf-block-drag-link\" href=\"https:\/\/louisbeautylab.com.tr\/?portfolio-item=popo-ve-gogus-diklestirme\" target=\"_self\"><\/a>\n\t<\/div>\n<\/article><article class=\"mkdf-pl-item mkdf-item-space  post-3802 portfolio-item type-portfolio-item status-publish has-post-thumbnail hentry portfolio-category-beauty portfolio-category-cosmetics\">\n\t<div class=\"mkdf-pl-item-inner\">\n\t\t<div class=\"mkdf-pli-image\">\n\t<img decoding=\"async\" width=\"700\" height=\"400\" src=\"https:\/\/louisbeautylab.com.tr\/wp-content\/uploads\/2024\/08\/baslik.4a9bbc6e.webp\" class=\"attachment-full size-full wp-post-image\" alt=\"\" srcset=\"https:\/\/louisbeautylab.com.tr\/wp-content\/uploads\/2024\/08\/baslik.4a9bbc6e.webp 700w, https:\/\/louisbeautylab.com.tr\/wp-content\/uploads\/2024\/08\/baslik.4a9bbc6e-300x171.webp 300w, https:\/\/louisbeautylab.com.tr\/wp-content\/uploads\/2024\/08\/baslik.4a9bbc6e-600x343.webp 600w\" sizes=\"(max-width: 700px) 100vw, 700px\" \/><\/div>\n<div class=\"mkdf-pli-text-holder\" >\n\t<div class=\"mkdf-pli-text-wrapper\">\n\t\t<div class=\"mkdf-pli-text\">\n\t\t\t\t<h4 itemprop=\"name\" class=\"mkdf-pli-title entry-title\" >\n\t\tChampion Lazer Epilasyon\t<\/h4>\n\n\t\t\t\t\t<div class=\"mkdf-pli-category-holder\">\n\t\t\t\t\t\t\t<a itemprop=\"url\" class=\"mkdf-pli-category\" href=\"https:\/\/louisbeautylab.com.tr\/?portfolio-category=beauty\">Beauty<\/a>\n\t\t\t\t\t\t\t<a itemprop=\"url\" class=\"mkdf-pli-category\" href=\"https:\/\/louisbeautylab.com.tr\/?portfolio-category=cosmetics\">Cosmetics<\/a>\n\t\t\t\t\t<\/div>\n\t\n\t\t\t\n\t\t\t\t\t<\/div>\n\t<\/div>\n<\/div>\n\t\t<a itemprop=\"url\" class=\"mkdf-pli-link mkdf-block-drag-link\" href=\"https:\/\/louisbeautylab.com.tr\/?portfolio-item=lazer-epilasyon\" target=\"_self\"><\/a>\n\t<\/div>\n<\/article><article class=\"mkdf-pl-item mkdf-item-space  post-3800 portfolio-item type-portfolio-item status-publish has-post-thumbnail hentry portfolio-category-beauty portfolio-category-cosmetics\">\n\t<div class=\"mkdf-pl-item-inner\">\n\t\t<div class=\"mkdf-pli-image\">\n\t<img decoding=\"async\" width=\"600\" height=\"614\" src=\"https:\/\/louisbeautylab.com.tr\/wp-content\/uploads\/2024\/08\/skincare-male-female.jpg\" class=\"attachment-full size-full wp-post-image\" alt=\"\" srcset=\"https:\/\/louisbeautylab.com.tr\/wp-content\/uploads\/2024\/08\/skincare-male-female.jpg 600w, https:\/\/louisbeautylab.com.tr\/wp-content\/uploads\/2024\/08\/skincare-male-female-293x300.jpg 293w\" sizes=\"(max-width: 600px) 100vw, 600px\" \/><\/div>\n<div class=\"mkdf-pli-text-holder\" >\n\t<div class=\"mkdf-pli-text-wrapper\">\n\t\t<div class=\"mkdf-pli-text\">\n\t\t\t\t<h4 itemprop=\"name\" class=\"mkdf-pli-title entry-title\" >\n\t\tCilt Bak\u0131m\u0131\t<\/h4>\n\n\t\t\t\t\t<div class=\"mkdf-pli-category-holder\">\n\t\t\t\t\t\t\t<a itemprop=\"url\" class=\"mkdf-pli-category\" href=\"https:\/\/louisbeautylab.com.tr\/?portfolio-category=beauty\">Beauty<\/a>\n\t\t\t\t\t\t\t<a itemprop=\"url\" class=\"mkdf-pli-category\" href=\"https:\/\/louisbeautylab.com.tr\/?portfolio-category=cosmetics\">Cosmetics<\/a>\n\t\t\t\t\t<\/div>\n\t\n\t\t\t\n\t\t\t\t\t<\/div>\n\t<\/div>\n<\/div>\n\t\t<a itemprop=\"url\" class=\"mkdf-pli-link mkdf-block-drag-link\" href=\"https:\/\/louisbeautylab.com.tr\/?portfolio-item=cilt-bakimi\" target=\"_self\"><\/a>\n\t<\/div>\n<\/article><article class=\"mkdf-pl-item mkdf-item-space  post-3801 portfolio-item type-portfolio-item status-publish has-post-thumbnail hentry portfolio-category-beauty portfolio-category-cosmetics\">\n\t<div class=\"mkdf-pl-item-inner\">\n\t\t<div class=\"mkdf-pli-image\">\n\t<img loading=\"lazy\" decoding=\"async\" width=\"1000\" height=\"667\" src=\"https:\/\/louisbeautylab.com.tr\/wp-content\/uploads\/2024\/08\/AdobeStock_137219783_Preview.jpeg\" class=\"attachment-full size-full wp-post-image\" alt=\"\" srcset=\"https:\/\/louisbeautylab.com.tr\/wp-content\/uploads\/2024\/08\/AdobeStock_137219783_Preview.jpeg 1000w, https:\/\/louisbeautylab.com.tr\/wp-content\/uploads\/2024\/08\/AdobeStock_137219783_Preview-300x200.jpeg 300w, https:\/\/louisbeautylab.com.tr\/wp-content\/uploads\/2024\/08\/AdobeStock_137219783_Preview-768x512.jpeg 768w, https:\/\/louisbeautylab.com.tr\/wp-content\/uploads\/2024\/08\/AdobeStock_137219783_Preview-600x400.jpeg 600w\" sizes=\"(max-width: 1000px) 100vw, 1000px\" \/><\/div>\n<div class=\"mkdf-pli-text-holder\" >\n\t<div class=\"mkdf-pli-text-wrapper\">\n\t\t<div class=\"mkdf-pli-text\">\n\t\t\t\t<h4 itemprop=\"name\" class=\"mkdf-pli-title entry-title\" >\n\t\tKal\u0131c\u0131 Makyaj\t<\/h4>\n\n\t\t\t\t\t<div class=\"mkdf-pli-category-holder\">\n\t\t\t\t\t\t\t<a itemprop=\"url\" class=\"mkdf-pli-category\" href=\"https:\/\/louisbeautylab.com.tr\/?portfolio-category=beauty\">Beauty<\/a>\n\t\t\t\t\t\t\t<a itemprop=\"url\" class=\"mkdf-pli-category\" href=\"https:\/\/louisbeautylab.com.tr\/?portfolio-category=cosmetics\">Cosmetics<\/a>\n\t\t\t\t\t<\/div>\n\t\n\t\t\t\n\t\t\t\t\t<\/div>\n\t<\/div>\n<\/div>\n\t\t<a itemprop=\"url\" class=\"mkdf-pli-link mkdf-block-drag-link\" href=\"https:\/\/louisbeautylab.com.tr\/?portfolio-item=kalici-makyaj\" target=\"_self\"><\/a>\n\t<\/div>\n<\/article><article class=\"mkdf-pl-item mkdf-item-space  post-307 portfolio-item type-portfolio-item status-publish has-post-thumbnail hentry portfolio-category-beauty portfolio-category-cosmetics\">\n\t<div class=\"mkdf-pl-item-inner\">\n\t\t<div class=\"mkdf-pli-image\">\n\t<img loading=\"lazy\" decoding=\"async\" width=\"1100\" height=\"619\" src=\"https:\/\/louisbeautylab.com.tr\/wp-content\/uploads\/2024\/08\/g5-masaji-elif-dincarslan.jpeg\" class=\"attachment-full size-full wp-post-image\" alt=\"\" srcset=\"https:\/\/louisbeautylab.com.tr\/wp-content\/uploads\/2024\/08\/g5-masaji-elif-dincarslan.jpeg 1100w, https:\/\/louisbeautylab.com.tr\/wp-content\/uploads\/2024\/08\/g5-masaji-elif-dincarslan-300x169.jpeg 300w, https:\/\/louisbeautylab.com.tr\/wp-content\/uploads\/2024\/08\/g5-masaji-elif-dincarslan-1024x576.jpeg 1024w, https:\/\/louisbeautylab.com.tr\/wp-content\/uploads\/2024\/08\/g5-masaji-elif-dincarslan-768x432.jpeg 768w, https:\/\/louisbeautylab.com.tr\/wp-content\/uploads\/2024\/08\/g5-masaji-elif-dincarslan-600x338.jpeg 600w\" sizes=\"(max-width: 1100px) 100vw, 1100px\" \/><\/div>\n<div class=\"mkdf-pli-text-holder\" >\n\t<div class=\"mkdf-pli-text-wrapper\">\n\t\t<div class=\"mkdf-pli-text\">\n\t\t\t\t<h4 itemprop=\"name\" class=\"mkdf-pli-title entry-title\" >\n\t\tB\u00f6lgesel \u0130ncelme\t<\/h4>\n\n\t\t\t\t\t<div class=\"mkdf-pli-category-holder\">\n\t\t\t\t\t\t\t<a itemprop=\"url\" class=\"mkdf-pli-category\" href=\"https:\/\/louisbeautylab.com.tr\/?portfolio-category=beauty\">Beauty<\/a>\n\t\t\t\t\t\t\t<a itemprop=\"url\" class=\"mkdf-pli-category\" href=\"https:\/\/louisbeautylab.com.tr\/?portfolio-category=cosmetics\">Cosmetics<\/a>\n\t\t\t\t\t<\/div>\n\t\n\t\t\t\n\t\t\t\t\t<\/div>\n\t<\/div>\n<\/div>\n\t\t<a itemprop=\"url\" class=\"mkdf-pli-link mkdf-block-drag-link\" href=\"https:\/\/louisbeautylab.com.tr\/?portfolio-item=scratch-eyeliner\" target=\"_self\"><\/a>\n\t<\/div>\n<\/article><article class=\"mkdf-pl-item mkdf-item-space  post-305 portfolio-item type-portfolio-item status-publish has-post-thumbnail hentry portfolio-category-beauty portfolio-category-make-up\">\n\t<div class=\"mkdf-pl-item-inner\">\n\t\t<div class=\"mkdf-pli-image\">\n\t<img loading=\"lazy\" decoding=\"async\" width=\"700\" height=\"570\" src=\"https:\/\/louisbeautylab.com.tr\/wp-content\/uploads\/2019\/08\/bursa-catlak-tedavisi.jpg\" class=\"attachment-full size-full wp-post-image\" alt=\"\" srcset=\"https:\/\/louisbeautylab.com.tr\/wp-content\/uploads\/2019\/08\/bursa-catlak-tedavisi.jpg 700w, https:\/\/louisbeautylab.com.tr\/wp-content\/uploads\/2019\/08\/bursa-catlak-tedavisi-300x244.jpg 300w, https:\/\/louisbeautylab.com.tr\/wp-content\/uploads\/2019\/08\/bursa-catlak-tedavisi-600x489.jpg 600w\" sizes=\"(max-width: 700px) 100vw, 700px\" \/><\/div>\n<div class=\"mkdf-pli-text-holder\" >\n\t<div class=\"mkdf-pli-text-wrapper\">\n\t\t<div class=\"mkdf-pli-text\">\n\t\t\t\t<h4 itemprop=\"name\" class=\"mkdf-pli-title entry-title\" >\n\t\t\u00c7atlak Bak\u0131m\u0131\t<\/h4>\n\n\t\t\t\t\t<div class=\"mkdf-pli-category-holder\">\n\t\t\t\t\t\t\t<a itemprop=\"url\" class=\"mkdf-pli-category\" href=\"https:\/\/louisbeautylab.com.tr\/?portfolio-category=beauty\">Beauty<\/a>\n\t\t\t\t\t\t\t<a itemprop=\"url\" class=\"mkdf-pli-category\" href=\"https:\/\/louisbeautylab.com.tr\/?portfolio-category=make-up\">Make Up<\/a>\n\t\t\t\t\t<\/div>\n\t\n\t\t\t\n\t\t\t\t\t<\/div>\n\t<\/div>\n<\/div>\n\t\t<a itemprop=\"url\" class=\"mkdf-pli-link mkdf-block-drag-link\" href=\"https:\/\/louisbeautylab.com.tr\/?portfolio-item=baked-blush\" target=\"_self\"><\/a>\n\t<\/div>\n<\/article>\t<\/div>\n\t\n\t\t<div class=\"mkdf-pl-loading\">\n\t\t<div class=\"mkdf-pl-loading-bounce1\"><\/div>\n\t\t<div class=\"mkdf-pl-loading-bounce2\"><\/div>\n\t\t<div class=\"mkdf-pl-loading-bounce3\"><\/div>\n\t<\/div>\n\t<div class=\"mkdf-pl-load-more-holder\">\n\t\t<div class=\"mkdf-pl-load-more\" >\n\t\t\t<a itemprop=\"url\" href=\"\" target=\"_self\"  class=\"mkdf-btn mkdf-btn-medium mkdf-btn-outline\"  >    <span class=\"mkdf-btn-text\">LOAD MORE<\/span>    <\/a>\t\t<\/div>\n\t<\/div>\n<\/div>[\/vc_column][\/vc_row]<\/p>\n<\/div>","protected":false},"excerpt":{"rendered":"<p>[vc_row row_content_width=&#8221;grid&#8221;][vc_column][\/vc_column][\/vc_row]<\/p>\n","protected":false},"author":1,"featured_media":0,"parent":1399,"menu_order":0,"comment_status":"closed","ping_status":"closed","template":"full-width.php","meta":{"footnotes":""},"class_list":["post-1478","page","type-page","status-publish","hentry"],"_links":{"self":[{"href":"https:\/\/louisbeautylab.com.tr\/index.php?rest_route=\/wp\/v2\/pages\/1478","targetHints":{"allow":["GET"]}}],"collection":[{"href":"https:\/\/louisbeautylab.com.tr\/index.php?rest_route=\/wp\/v2\/pages"}],"about":[{"href":"https:\/\/louisbeautylab.com.tr\/index.php?rest_route=\/wp\/v2\/types\/page"}],"author":[{"embeddable":true,"href":"https:\/\/louisbeautylab.com.tr\/index.php?rest_route=\/wp\/v2\/users\/1"}],"replies":[{"embeddable":true,"href":"https:\/\/louisbeautylab.com.tr\/index.php?rest_route=%2Fwp%2Fv2%2Fcomments&post=1478"}],"version-history":[{"count":0,"href":"https:\/\/louisbeautylab.com.tr\/index.php?rest_route=\/wp\/v2\/pages\/1478\/revisions"}],"up":[{"embeddable":true,"href":"https:\/\/louisbeautylab.com.tr\/index.php?rest_route=\/wp\/v2\/pages\/1399"}],"wp:attachment":[{"href":"https:\/\/louisbeautylab.com.tr\/index.php?rest_route=%2Fwp%2Fv2%2Fmedia&parent=1478"}],"curies":[{"name":"wp","href":"https:\/\/api.w.org\/{rel}","templated":true}]}}